{"id":230,"date":"2014-08-23T06:55:13","date_gmt":"2014-08-23T06:55:13","guid":{"rendered":"http:\/\/new.muenchenvenedig.de\/?page_id=230"},"modified":"2014-08-23T20:18:20","modified_gmt":"2014-08-23T20:18:20","slug":"ausruestung","status":"publish","type":"page","link":"http:\/\/new.muenchenvenedig.de\/?page_id=230","title":{"rendered":"Ausr\u00fcstung"},"content":{"rendered":"<div id=\"attachment_275\" style=\"width: 224px\" class=\"wp-caption alignleft\"><a href=\"http:\/\/new.muenchenvenedig.de\/wp-content\/uploads\/2014\/08\/webpic1-09.jpg\"><img loading=\"lazy\" decoding=\"async\" aria-describedby=\"caption-attachment-275\" src=\"http:\/\/new.muenchenvenedig.de\/wp-content\/uploads\/2014\/08\/webpic1-09.jpg\" alt=\"Mit leichtem Gep\u00e4ck (und Klettersteigset).\" width=\"214\" height=\"320\" class=\"size-full wp-image-275\" srcset=\"http:\/\/new.muenchenvenedig.de\/wp-content\/uploads\/2014\/08\/webpic1-09.jpg 214w, http:\/\/new.muenchenvenedig.de\/wp-content\/uploads\/2014\/08\/webpic1-09-200x300.jpg 200w\" sizes=\"auto, (max-width: 214px) 100vw, 214px\" \/><\/a><p id=\"caption-attachment-275\" class=\"wp-caption-text\">Mit leichtem Gep\u00e4ck (und Klettersteigset).<\/p><\/div>\n<p><strong>Gewicht als Faktor<\/strong><\/p>\n<p>Die Mitnahme von Tr\u00e4gerkolonnen oder Maultierherden auf Expeditionen ist seit einiger Zeit aus der Mode gekommen, deswegen muss der Wanderer heutzutage sein Gep\u00e4ck selbst tragen. Der Wanderspass auf dem Traumpfad h\u00e4ngt sehr davon ab, wieviel man auf den Schultern hat. Leider sieht man immer wieder Wanderer mit Riesenrucks\u00e4cken, die schon auf der ersten Etappe unter dem Gep\u00e4ck fast zusammenbrechen. <\/p>\n<p>Mehr als 15 Kilo Gep\u00e4ck sollte sich ein gut trainierter Mann nicht f\u00fcr eine Fernwanderung aufladen. Eine Frau sollte 2-3 Kilo weniger tragen. Pers\u00f6nlich f\u00fchle ich mich auf einer Wanderung erst wirklich wohl, wenn ich unter 10 Kilo Gep\u00e4ck habe. Wir haben \u00fcber die Jahre unser Gep\u00e4ck systematisch reduziert um dem Ziel &#8222;nicht mehr als 10 Kilo&#8220; n\u00e4her zu kommen. Eine sinnvolle Auswahl des Gep\u00e4cks ist also besonders wichtig, wenn man Freude am Traumpfad haben und gesund ankommen will.<\/p>\n<div id=\"attachment_276\" style=\"width: 250px\" class=\"wp-caption alignleft\"><a href=\"http:\/\/new.muenchenvenedig.de\/wp-content\/uploads\/2014\/08\/webpic5-87.jpg\"><img loading=\"lazy\" decoding=\"async\" aria-describedby=\"caption-attachment-276\" src=\"http:\/\/new.muenchenvenedig.de\/wp-content\/uploads\/2014\/08\/webpic5-87.jpg\" alt=\"St\u00f6cke auf dem Friesenberghaus.\" width=\"240\" height=\"320\" class=\"size-full wp-image-276\" srcset=\"http:\/\/new.muenchenvenedig.de\/wp-content\/uploads\/2014\/08\/webpic5-87.jpg 240w, http:\/\/new.muenchenvenedig.de\/wp-content\/uploads\/2014\/08\/webpic5-87-225x300.jpg 225w\" sizes=\"auto, (max-width: 240px) 100vw, 240px\" \/><\/a><p id=\"caption-attachment-276\" class=\"wp-caption-text\">St\u00f6cke auf dem Friesenberghaus.<\/p><\/div>\n<p><strong>Schuhe und St\u00f6cke<\/strong><\/p>\n<p>Der wichtigste Ausr\u00fcstungsgegenstand f\u00fcr den Fernwanderer sind Schuhe und Teleskopst\u00f6cke. Die Schuhe sollten feste, kn\u00f6chelumschliessende Bergstiefel sein. Die Wanderung geht an vielen Stellen durch felsiges, hochalpines Gel\u00e4nde. Die Frage welche Schuhe die richtigen sind wurde in <a href=\"http:\/\/www.muenchenvenedig.de\/forum\/index.php\">unserem Forum<\/a> zum Teil sehr kontrovers diskutiert. Ich selbst habe die Tour das letzte mal mit leichten Bergstiefeln &#8211; nicht steigeisenfest &#8211; begangen. Andere schw\u00f6ren auf steigeisenfeste schwere Schuhe. Das ist sicher ein St\u00fcck Geschmackssache. Mit Turnschuhen oder \u00e4hnlichen Schuhen, die den Kn\u00f6chel nicht umschlie\u00dfen w\u00fcrden wir den Traumpfad nicht gehen.<\/p>\n<p>Zus\u00e4tzlich braucht man noch ein paar Hausschuhe f\u00fcr die H\u00fctte. Wir haben Teva-Sandalen dazu verwendet. Die kann man an einem Ruhetag auch einmal f\u00fcr einen Spaziergang in der Stadt benutzen. Aus Gewichtsgr\u00fcnden haben wir auf ein zus\u00e4tzliches Paar Schuhe (Turnschuhe, Halbschuhe, etc.) verzichtet.<\/p>\n<p><strong>Rucksack<\/strong><\/p>\n<p>Wer sich f\u00fcr die Wanderung einen neuen Rucksack kauft, sollte das nur im Fachhandel tun. Gute Beratung und ein sorgf\u00e4ltiges Anpassen des Rucksacks mit Gewichten sollten einem die paar Euro wert sein, die der Rucksack bei einem kleinen Fachh\u00e4ndler teurer ist. Man sollte sich wirklich sicher sein, dass er mit dem geplanten Gewicht bequem tragbar ist.<\/p>\n<p>Man sollte auch nichts aussen an den Rucksack binden, weil er zum Beispiel zu klein ist. Das Gewackele geht einem nach kurzer Zeit auf die Nerven und wenn es regnet, werden die Sachen nass. Zum Rucksack sollte man sich gleich die passende Rucksackh\u00fclle f\u00fcr Regenwetter kaufen. Selbst durch den besten Rucksack regnet es n\u00e4mlich nach einiger Zeit durch.<\/p>\n<p><a href=\"http:\/\/new.muenchenvenedig.de\/wp-content\/uploads\/2014\/08\/bundeswehrschlafsack.jpeg\"><img loading=\"lazy\" decoding=\"async\" src=\"http:\/\/new.muenchenvenedig.de\/wp-content\/uploads\/2014\/08\/bundeswehrschlafsack-167x300.jpeg\" alt=\"bundeswehrschlafsack\" width=\"167\" height=\"300\" class=\"alignleft size-medium wp-image-280\" srcset=\"http:\/\/new.muenchenvenedig.de\/wp-content\/uploads\/2014\/08\/bundeswehrschlafsack-167x300.jpeg 167w, http:\/\/new.muenchenvenedig.de\/wp-content\/uploads\/2014\/08\/bundeswehrschlafsack.jpeg 500w\" sizes=\"auto, (max-width: 167px) 100vw, 167px\" \/><\/a><\/p>\n<p><strong>Schlafsack<\/strong><\/p>\n<p>Ein H\u00fcttenschlafsack ist auf Alpenvereinsh\u00fctten vorgeschrieben. Die Teile sind aus d\u00fcnnen Stoff, gute sind aus Seide und haben ein Gewicht von ca. 200 Gramm und ein Packma\u00df von einem Taschenbuch. Die Normalausf\u00fchrung kann man oft auch in den H\u00fctten kaufen, die guten aus Seide kauft man beim Sportartikelhandel.<\/p>\n<p>Wir hatten bei unserer M\u00fcnchen-Venedig Tour Leichtschlafs\u00e4cke dabei. Die wiegen unter ein Kilo. Sie halten bis 10 Grad warm, sind also nicht f\u00fcr die \u00dcbernachtung drau\u00dfen gemacht. Warum haben wir dieses Zusatzgewicht eingepackt? Der erste Grund sind die Decken in den H\u00fctte. Wolldecken, die einmal zu Beginn und einmal am Ende der Saison gewaschen werden, sind nicht unsere Sache. Ausserdem kann der Schlafsack auch bei einem Unfall sehr n\u00fctzlich sein.  F\u00fcr einen Verletzen im Gebirge ist die Unterk\u00fchlung die h\u00e4ufigste Todesursache!<\/p>\n<p>Auch dazu gab es <a href=\"http:\/\/www.muenchenvenedig.de\/forum\/index.php\">im Forum<\/a> schon gelegentlich intensive Diskussionen &#8211; Geschmackssache.<\/p>\n<p><strong>Trinkflasche<\/strong><\/p>\n<p>Auf dem Traumpfad gibt es etliche Touren, auf denen man f\u00fcr l\u00e4ngere Zeit kein Wasser findet. Deswegen sollte man sich Flaschen mit einem F\u00fcllungsverm\u00f6gen von 1-2 Litern mitnehmen. Das Gewicht des Wassers sollte bei der Berechung des Gesamtgewichts ber\u00fccksichtigt werden. <\/p>\n<p><strong>Sicherheitsausr\u00fcstung<\/strong><\/p>\n<p><em>Verbandskasten:<\/em> kostet 8 Euro und wiegt 200 Gramm. Bei uns stets im Rucksack, wird nie rausgenommen.<br \/>\n<em>Biwaksack:<\/em> regendichte H\u00fclle zum Not\u00fcbernachten drau\u00dfen (in Kombination mit Leichtschlafsack). Gewicht: 600 Gramm.<br \/>\n<em>Lampe:<\/em> f\u00fcr die dunklen Stunden des Lebens und f\u00fcr\u2019s alpine Notsignal. Inkl. neuer Batterien!<\/p>\n<p>Ein paar Worten zu diesen Gegenst\u00e4nden: die Rucksackapotheke ist eine Selbstverst\u00e4ndlichkeit, dazu muss man nichts sagen. Die Taschenlampe braucht man haupts\u00e4chlich Nachts in der H\u00fctte auf dem Weg zum Locus. Aber auch wenn man sich verl\u00e4uft und von der Dunkelheit \u00fcberrascht wird (uns ist das auf der Tour einmal passiert!) ist sie sehr n\u00fctzlich. Und wie war das noch mit dem alpinen Notsignal? Der Biwaksack ist eine regen- und winddichte H\u00fclle (f\u00fcr einen oder f\u00fcr zwei). Er sch\u00fctzt vor Unterk\u00fchlung, wenn man drau\u00dfen \u00fcbernachten mu\u00df oder ein Verletzter auf Hilfe warten muss. Zusammen mit dem Leichtschlafsack erh\u00f6ht er die \u00dcberlebenschancen bei einer Verletzung enorm [weitere Kommentare hierzu, f\u00fcr alle die \u00fcber diesen Satz schmunzeln]. <\/p>\n<p><strong>Klettersteigausr\u00fcstung<\/strong><\/p>\n<p>Die Klettersteigausr\u00fcstung besteht aus Brustgurt und Sitzgurt, Klettersteigset und Helm. Diese Ausr\u00fcstung ist nur f\u00fcr die Begehung der Schiara n\u00f6tig. Man kann diese Stelle auch umgehen und kann dann auf die Ausr\u00fcstung verzichten. Weiteres dazu auf der <a href=\"http:\/\/new.muenchenvenedig.de\/?page_id=232\" title=\"Gefahren\">Seite zu Gefahren.<\/a><\/p>\n<p><strong>Packliste<\/strong><\/p>\n<p>Gelegentlich fragen mich Wanderer nach einer Ausr\u00fcstungsliste. Hier deswegen ein Vorschlag f\u00fcr eine Packliste. Mit dieser Ausr\u00fcstung habe ich den Traumpfad gemacht und viele andere Touren gemacht. Alle Kleidungsst\u00fccke waren aus Funktionsfaser. Ich hatte kein Klettersteigset und keinen Helm dabei. Die Ausr\u00fcstungsliste ist auch im <a href=\"http:\/\/new.muenchenvenedig.de\/wp-content\/uploads\/2014\/08\/Toureninfo_MuenchenVenedig.de_1.pdf\">Tourenblatt<\/a> enthalten.<\/p>\n<p><em>Grundausr\u00fcstung<\/em><\/p>\n<p>Biwacksack (530g)<br \/>\nSchlafsack (800g)<br \/>\nThermarestmatte (klein, 570g)<\/p>\n<p>Rucksackapotheke (240g)<\/p>\n<p>Regenhose (220g)<br \/>\nRegenjacke (350g)<\/p>\n<p>Gesamtgewicht mit Rucksack 5kg<\/p>\n<p><em>Rucksackinhalt<\/em><\/p>\n<p>Trinkflasche (170g)<br \/>\nTaschenlampe (112g)<br \/>\nTaschenmesser (30g)<br \/>\nSonnenbrille (130g)<\/p>\n<p>Schlafshirt und Hose (440g)<br \/>\nTeva-Flipflops (232g)<br \/>\n4 Unterhosen (124g)<br \/>\n2 Paar Socken (76g)<br \/>\nWarme Socken (46g)<br \/>\nHandtuch (270g)<\/p>\n<p>Softshelljacke (480g)<br \/>\nHandschuhe (50g)<\/p>\n<p>Teleskopst\u00f6cke (530g)<\/p>\n<p>Kurze Hose (160g)<br \/>\nHemd langarm (232g)<br \/>\nT-Shirt Kurzarm (102g)<br \/>\nWanderhose (336g)<br \/>\nT-Shirt Kurzarm (150g)<br \/>\n2 T-Shirt schulterfrei (228g)<br \/>\nLangarm-T-Shirt (226g)<br \/>\nFleece (228g)<\/p>\n<p>Sonnencreme (122g)<br \/>\nWaschbeutel (300g)<\/p>\n<p>Mobiltelefon mit Ladeger\u00e4t (306g)<br \/>\nNotizbuch und Stift (160g)<br \/>\nSprachf\u00fchrer, Wanderf\u00fchrer und Karten (500g)<\/p>\n<p>Gesamtgewicht des Inhalts: 5,6 kg<\/p>\n","protected":false},"excerpt":{"rendered":"<p>Gewicht als Faktor Die Mitnahme von Tr\u00e4gerkolonnen oder Maultierherden auf Expeditionen ist seit einiger Zeit aus der Mode gekommen, deswegen muss der Wanderer heutzutage sein Gep\u00e4ck selbst tragen. Der Wanderspass auf dem Traumpfad h\u00e4ngt sehr davon ab, wieviel man auf den Schultern hat. Leider sieht man immer wieder Wanderer mit Riesenrucks\u00e4cken, die schon auf der [&hellip;]<\/p>\n","protected":false},"author":1,"featured_media":0,"parent":9,"menu_order":3,"comment_status":"open","ping_status":"open","template":"","meta":{"footnotes":""},"class_list":["post-230","page","type-page","status-publish","hentry"],"_links":{"self":[{"href":"http:\/\/new.muenchenvenedig.de\/index.php?rest_route=\/wp\/v2\/pages\/230","targetHints":{"allow":["GET"]}}],"collection":[{"href":"http:\/\/new.muenchenvenedig.de\/index.php?rest_route=\/wp\/v2\/pages"}],"about":[{"href":"http:\/\/new.muenchenvenedig.de\/index.php?rest_route=\/wp\/v2\/types\/page"}],"author":[{"embeddable":true,"href":"http:\/\/new.muenchenvenedig.de\/index.php?rest_route=\/wp\/v2\/users\/1"}],"replies":[{"embeddable":true,"href":"http:\/\/new.muenchenvenedig.de\/index.php?rest_route=%2Fwp%2Fv2%2Fcomments&post=230"}],"version-history":[{"count":10,"href":"http:\/\/new.muenchenvenedig.de\/index.php?rest_route=\/wp\/v2\/pages\/230\/revisions"}],"predecessor-version":[{"id":282,"href":"http:\/\/new.muenchenvenedig.de\/index.php?rest_route=\/wp\/v2\/pages\/230\/revisions\/282"}],"up":[{"embeddable":true,"href":"http:\/\/new.muenchenvenedig.de\/index.php?rest_route=\/wp\/v2\/pages\/9"}],"wp:attachment":[{"href":"http:\/\/new.muenchenvenedig.de\/index.php?rest_route=%2Fwp%2Fv2%2Fmedia&parent=230"}],"curies":[{"name":"wp","href":"https:\/\/api.w.org\/{rel}","templated":true}]}}

Ausrüstung

<div id="attachment_275" style="width: 224px" class="wp-caption alignleft"><a href="http://new.muenchenvenedig.de/wp-content/uploads/2014/08/webpic1-09.jpg"><img loading="lazy" decoding="async" aria-describedby="caption-attachment-275" src="http://new.muenchenvenedig.de/wp-content/uploads/2014/08/webpic1-09.jpg" alt="Mit leichtem Gepäck (und Klettersteigset)." width="214" height="320" class="size-full wp-image-275" srcset="http://new.muenchenvenedig.de/wp-content/uploads/2014/08/webpic1-09.jpg 214w, http://new.muenchenvenedig.de/wp-content/uploads/2014/08/webpic1-09-200x300.jpg 200w" sizes="auto, (max-width: 214px) 100vw, 214px" /></a><p id="caption-attachment-275" class="wp-caption-text">Mit leichtem Gepäck (und Klettersteigset).</p></div>
<p><strong>Gewicht als Faktor</strong></p>
<p>Die Mitnahme von Trägerkolonnen oder Maultierherden auf Expeditionen ist seit einiger Zeit aus der Mode gekommen, deswegen muss der Wanderer heutzutage sein Gepäck selbst tragen. Der Wanderspass auf dem Traumpfad hängt sehr davon ab, wieviel man auf den Schultern hat. Leider sieht man immer wieder Wanderer mit Riesenrucksäcken, die schon auf der ersten Etappe unter dem Gepäck fast zusammenbrechen. </p>
<p>Mehr als 15 Kilo Gepäck sollte sich ein gut trainierter Mann nicht für eine Fernwanderung aufladen. Eine Frau sollte 2-3 Kilo weniger tragen. Persönlich fühle ich mich auf einer Wanderung erst wirklich wohl, wenn ich unter 10 Kilo Gepäck habe. Wir haben über die Jahre unser Gepäck systematisch reduziert um dem Ziel &#8222;nicht mehr als 10 Kilo&#8220; näher zu kommen. Eine sinnvolle Auswahl des Gepäcks ist also besonders wichtig, wenn man Freude am Traumpfad haben und gesund ankommen will.</p>
<div id="attachment_276" style="width: 250px" class="wp-caption alignleft"><a href="http://new.muenchenvenedig.de/wp-content/uploads/2014/08/webpic5-87.jpg"><img loading="lazy" decoding="async" aria-describedby="caption-attachment-276" src="http://new.muenchenvenedig.de/wp-content/uploads/2014/08/webpic5-87.jpg" alt="Stöcke auf dem Friesenberghaus." width="240" height="320" class="size-full wp-image-276" srcset="http://new.muenchenvenedig.de/wp-content/uploads/2014/08/webpic5-87.jpg 240w, http://new.muenchenvenedig.de/wp-content/uploads/2014/08/webpic5-87-225x300.jpg 225w" sizes="auto, (max-width: 240px) 100vw, 240px" /></a><p id="caption-attachment-276" class="wp-caption-text">Stöcke auf dem Friesenberghaus.</p></div>
<p><strong>Schuhe und Stöcke</strong></p>
<p>Der wichtigste Ausrüstungsgegenstand für den Fernwanderer sind Schuhe und Teleskopstöcke. Die Schuhe sollten feste, knöchelumschliessende Bergstiefel sein. Die Wanderung geht an vielen Stellen durch felsiges, hochalpines Gelände. Die Frage welche Schuhe die richtigen sind wurde in <a href="http://www.muenchenvenedig.de/forum/index.php">unserem Forum</a> zum Teil sehr kontrovers diskutiert. Ich selbst habe die Tour das letzte mal mit leichten Bergstiefeln &#8211; nicht steigeisenfest &#8211; begangen. Andere schwören auf steigeisenfeste schwere Schuhe. Das ist sicher ein Stück Geschmackssache. Mit Turnschuhen oder ähnlichen Schuhen, die den Knöchel nicht umschließen würden wir den Traumpfad nicht gehen.</p>
<p>Zusätzlich braucht man noch ein paar Hausschuhe für die Hütte. Wir haben Teva-Sandalen dazu verwendet. Die kann man an einem Ruhetag auch einmal für einen Spaziergang in der Stadt benutzen. Aus Gewichtsgründen haben wir auf ein zusätzliches Paar Schuhe (Turnschuhe, Halbschuhe, etc.) verzichtet.</p>
<p><strong>Rucksack</strong></p>
<p>Wer sich für die Wanderung einen neuen Rucksack kauft, sollte das nur im Fachhandel tun. Gute Beratung und ein sorgfältiges Anpassen des Rucksacks mit Gewichten sollten einem die paar Euro wert sein, die der Rucksack bei einem kleinen Fachhändler teurer ist. Man sollte sich wirklich sicher sein, dass er mit dem geplanten Gewicht bequem tragbar ist.</p>
<p>Man sollte auch nichts aussen an den Rucksack binden, weil er zum Beispiel zu klein ist. Das Gewackele geht einem nach kurzer Zeit auf die Nerven und wenn es regnet, werden die Sachen nass. Zum Rucksack sollte man sich gleich die passende Rucksackhülle für Regenwetter kaufen. Selbst durch den besten Rucksack regnet es nämlich nach einiger Zeit durch.</p>
<p><a href="http://new.muenchenvenedig.de/wp-content/uploads/2014/08/bundeswehrschlafsack.jpeg"><img loading="lazy" decoding="async" src="http://new.muenchenvenedig.de/wp-content/uploads/2014/08/bundeswehrschlafsack-167x300.jpeg" alt="bundeswehrschlafsack" width="167" height="300" class="alignleft size-medium wp-image-280" srcset="http://new.muenchenvenedig.de/wp-content/uploads/2014/08/bundeswehrschlafsack-167x300.jpeg 167w, http://new.muenchenvenedig.de/wp-content/uploads/2014/08/bundeswehrschlafsack.jpeg 500w" sizes="auto, (max-width: 167px) 100vw, 167px" /></a></p>
<p><strong>Schlafsack</strong></p>
<p>Ein Hüttenschlafsack ist auf Alpenvereinshütten vorgeschrieben. Die Teile sind aus dünnen Stoff, gute sind aus Seide und haben ein Gewicht von ca. 200 Gramm und ein Packmaß von einem Taschenbuch. Die Normalausführung kann man oft auch in den Hütten kaufen, die guten aus Seide kauft man beim Sportartikelhandel.</p>
<p>Wir hatten bei unserer München-Venedig Tour Leichtschlafsäcke dabei. Die wiegen unter ein Kilo. Sie halten bis 10 Grad warm, sind also nicht für die Übernachtung draußen gemacht. Warum haben wir dieses Zusatzgewicht eingepackt? Der erste Grund sind die Decken in den Hütte. Wolldecken, die einmal zu Beginn und einmal am Ende der Saison gewaschen werden, sind nicht unsere Sache. Ausserdem kann der Schlafsack auch bei einem Unfall sehr nützlich sein.  Für einen Verletzen im Gebirge ist die Unterkühlung die häufigste Todesursache!</p>
<p>Auch dazu gab es <a href="http://www.muenchenvenedig.de/forum/index.php">im Forum</a> schon gelegentlich intensive Diskussionen &#8211; Geschmackssache.</p>
<p><strong>Trinkflasche</strong></p>
<p>Auf dem Traumpfad gibt es etliche Touren, auf denen man für längere Zeit kein Wasser findet. Deswegen sollte man sich Flaschen mit einem Füllungsvermögen von 1-2 Litern mitnehmen. Das Gewicht des Wassers sollte bei der Berechung des Gesamtgewichts berücksichtigt werden. </p>
<p><strong>Sicherheitsausrüstung</strong></p>
<p><em>Verbandskasten:</em> kostet 8 Euro und wiegt 200 Gramm. Bei uns stets im Rucksack, wird nie rausgenommen.<br />
<em>Biwaksack:</em> regendichte Hülle zum Notübernachten draußen (in Kombination mit Leichtschlafsack). Gewicht: 600 Gramm.<br />
<em>Lampe:</em> für die dunklen Stunden des Lebens und für’s alpine Notsignal. Inkl. neuer Batterien!</p>
<p>Ein paar Worten zu diesen Gegenständen: die Rucksackapotheke ist eine Selbstverständlichkeit, dazu muss man nichts sagen. Die Taschenlampe braucht man hauptsächlich Nachts in der Hütte auf dem Weg zum Locus. Aber auch wenn man sich verläuft und von der Dunkelheit überrascht wird (uns ist das auf der Tour einmal passiert!) ist sie sehr nützlich. Und wie war das noch mit dem alpinen Notsignal? Der Biwaksack ist eine regen- und winddichte Hülle (für einen oder für zwei). Er schützt vor Unterkühlung, wenn man draußen übernachten muß oder ein Verletzter auf Hilfe warten muss. Zusammen mit dem Leichtschlafsack erhöht er die Überlebenschancen bei einer Verletzung enorm [weitere Kommentare hierzu, für alle die über diesen Satz schmunzeln]. </p>
<p><strong>Klettersteigausrüstung</strong></p>
<p>Die Klettersteigausrüstung besteht aus Brustgurt und Sitzgurt, Klettersteigset und Helm. Diese Ausrüstung ist nur für die Begehung der Schiara nötig. Man kann diese Stelle auch umgehen und kann dann auf die Ausrüstung verzichten. Weiteres dazu auf der <a href="http://new.muenchenvenedig.de/?page_id=232" title="Gefahren">Seite zu Gefahren.</a></p>
<p><strong>Packliste</strong></p>
<p>Gelegentlich fragen mich Wanderer nach einer Ausrüstungsliste. Hier deswegen ein Vorschlag für eine Packliste. Mit dieser Ausrüstung habe ich den Traumpfad gemacht und viele andere Touren gemacht. Alle Kleidungsstücke waren aus Funktionsfaser. Ich hatte kein Klettersteigset und keinen Helm dabei. Die Ausrüstungsliste ist auch im <a href="http://new.muenchenvenedig.de/wp-content/uploads/2014/08/Toureninfo_MuenchenVenedig.de_1.pdf">Tourenblatt</a> enthalten.</p>
<p><em>Grundausrüstung</em></p>
<p>Biwacksack (530g)<br />
Schlafsack (800g)<br />
Thermarestmatte (klein, 570g)</p>
<p>Rucksackapotheke (240g)</p>
<p>Regenhose (220g)<br />
Regenjacke (350g)</p>
<p>Gesamtgewicht mit Rucksack 5kg</p>
<p><em>Rucksackinhalt</em></p>
<p>Trinkflasche (170g)<br />
Taschenlampe (112g)<br />
Taschenmesser (30g)<br />
Sonnenbrille (130g)</p>
<p>Schlafshirt und Hose (440g)<br />
Teva-Flipflops (232g)<br />
4 Unterhosen (124g)<br />
2 Paar Socken (76g)<br />
Warme Socken (46g)<br />
Handtuch (270g)</p>
<p>Softshelljacke (480g)<br />
Handschuhe (50g)</p>
<p>Teleskopstöcke (530g)</p>
<p>Kurze Hose (160g)<br />
Hemd langarm (232g)<br />
T-Shirt Kurzarm (102g)<br />
Wanderhose (336g)<br />
T-Shirt Kurzarm (150g)<br />
2 T-Shirt schulterfrei (228g)<br />
Langarm-T-Shirt (226g)<br />
Fleece (228g)</p>
<p>Sonnencreme (122g)<br />
Waschbeutel (300g)</p>
<p>Mobiltelefon mit Ladegerät (306g)<br />
Notizbuch und Stift (160g)<br />
Sprachführer, Wanderführer und Karten (500g)</p>
<p>Gesamtgewicht des Inhalts: 5,6 kg</p>

<p>Gewicht als Faktor Die Mitnahme von Trägerkolonnen oder Maultierherden auf Expeditionen ist seit einiger Zeit aus der Mode gekommen, deswegen muss der Wanderer heutzutage sein Gepäck selbst tragen. Der Wanderspass auf dem Traumpfad hängt sehr davon ab, wieviel man auf den Schultern hat. Leider sieht man immer wieder Wanderer mit Riesenrucksäcken, die schon auf der [&hellip;]</p>
