{"id":7,"date":"2014-08-22T18:20:43","date_gmt":"2014-08-22T18:20:43","guid":{"rendered":"http:\/\/new.muenchenvenedig.de\/?page_id=7"},"modified":"2025-02-23T17:42:33","modified_gmt":"2025-02-23T17:42:33","slug":"literatur","status":"publish","type":"page","link":"http:\/\/new.muenchenvenedig.de\/?page_id=7","title":{"rendered":"Karten"},"content":{"rendered":"<p><strong>Warum Karten mitnehmen?<\/strong><\/p>\n<p>Auf unserem Weg haben wir Wanderer gesehen, die ganz ohne Karten losgezogen sind und sich nur auf die Skizzen in einem Wanderf\u00fchrer verlassen haben. Bestenfalls haben sie am Morgen in der H\u00fctte auf eine ausgeh\u00e4ngte Karte geschaut. Wir halten das f\u00fcr riskant. Ein pl\u00f6tzlicher Wetterwechsel kann zu einem Abstieg zwingen. Ein durch Erdrutsch zerst\u00f6rter Weg macht eine Ausweichroute n\u00f6tig. Ohne gutes Kartenmaterial kann im Hochgebirge aus einem kleinen Missgeschick schnell eine bedrohliche Situation werden.<\/p>\n<p>Wir haben uns die Alpenvereinskarten, die Kompasskarten und die Karten des italienischen Verlags Tabacco angesehen und w\u00fcrde folgende Kartenauswahl empfehlen:<\/p>\n<p><a href=\"http:\/\/www.amazon.de\/Isarwinkel-Lenggries-Wanderkarte-Skitouren-GPS-genau\/dp\/3850268713\/wwwmuenchenve-21\">Kompasswanderkarte 182 Isarwinkel, 1:50000 (Bad T\u00f6lz bis Birkkar)<\/a><br \/>\n<a href=\"http:\/\/www.amazon.de\/Alpenvereinskarten-Tuxer-Alpen-Wegmarkierung\/dp\/3937530479\/wwwmuenchenve-21\">Alpenvereinskarte 33 Tuxer Alpen, 1:50000 (Birkkar bis Friesenbergscharte)<\/a><br \/>\n<a href=\"http:\/\/www.amazon.de\/Hochfeiler-Pfunderer-Berge-Wanderkarte-Tabacco\/dp\/8883150376\/wwwmuenchenve-21\">Tabacco 037, Hochfeiler\/Gran Pilastro, 1:25.000 (hinter Olpererh\u00fctte bis Vintl)<\/a><br \/>\n<a href=\"http:\/\/www.amazon.de\/Brixen-Bressanone-Wander--Skitourenkarte-GPS-genau\/dp\/3854910630\/wwwmuenchenve-21\">Kompasswanderkarte 56 Brixen\/Bressanone, 1:50000 (Vintl bis Schl\u00fcterh\u00fctte)<\/a><br \/>\n<a href=\"http:\/\/www.amazon.de\/Sellagruppe-Wanderkarte-Kurzf%C3%BChrer-Skirouten-GPS-genau\/dp\/385026727X\/wwwmuenchenve-21\">Kompasswanderkarte 59 Sellagruppe, 1:50000 (Schl\u00fcterh\u00fctte bis Alleghe)<\/a><br \/>\n<a href=\"http:\/\/www.amazon.de\/Alpi-Bellunesi-escursioni-Wandern-GPS-genau\/dp\/3854910878\/wwwmuenchenve-21\">Kompasswanderkarte 77 Alpi Bellunesi, 1:50000 (Alleghe bis Belluno und Nevegal)<\/a><\/p>\n<p><strong>Weitere Karten <\/strong><\/p>\n<p>Die Karten des italienischen Tabacco-Verlags sind topografisch manchmal genauer als die Kompasskarten und haben ein angenehmeres Kartenbild. Die relevanten Karten im Ma\u00dfstab 1:25.000 haben die Nummern 037, 030, 025, 07 und 024. Sie sind gr\u00f6\u00dfer und schwerer als die Kompasskarten.<\/p>\n<p>Abdeckung der Tabacco-Karten (von S\u00fcden nach Norden):<\/p>\n<p>024: Prealpi e Dolomiti Bellunesi (Schiara bis Revine)<br \/>\n025: Dolomiti di Zoldo Cadorine e Agordine (Caprile, Alleghe bis Rifugio Pramperet)<br \/>\n07: Alta Badia, Arabba &#8211; Marmolada (W\u00fcrzjoch, Fedaiasee bis Caprile)<br \/>\n030: Bressanone\/Brixen Val di Funes\/Villn\u00f6ss (Rodenecker Wald bis W\u00fcrzjoch und Puez)<br \/>\n037: Hochfeiler\/Gran Pilastro Pfunderer Berge\/Monti di Fundres (Pfitscherjoch bis L\u00fcsen)<\/p>\n<p>S\u00fcdlich des Nevegal ist die Auswahl der Karten problematisch. Die Karten aus der Serie Carta d\u2019Italia des Istituto Geografico Militare, oft auch als \u201cMilit\u00e4rkarten\u201d bezeichnet, werden selbst von Fachh\u00e4ndlern nicht mehr gef\u00fchrt. Als Grund werden die veralteten Kartenst\u00e4nde (\u00e4lter als 15 Jahre) und der hohe Preis angegeben.<\/p>\n<p><strong>GPS Daten<\/strong><\/p>\n<p>Anl\u00e4sslich unserer Begehung 2010 haben wir f\u00fcr alle Touren gps-Routen erstellt. Diese Routen enthalten die wichtigsten Wegpunkte und zus\u00e4tzliche Daten zu ihnen, wie zum Beispiel Telefonnummern und Adressen. Ihr k\u00f6nnte den kompletten Satz hier downloaden [<a href=\"http:\/\/533800.swh.strato-hosting.eu\/Infos\/Karten\/Traumpfad.zip\">GPS-Daten Traumpfad<\/a>].<\/p>\n<p>Nicht jeder hat die gps-Karten f\u00fcr den ganzen Weg auf seinem gps-Ger\u00e4t. Deswegen haben wir aus Openstreetmap einen Basiskartensatz f\u00fcr Garmin Ger\u00e4te erstellt. Die Karten sind jeweils etwa 40 MB gro\u00df und in 3 Formaten verf\u00fcgbar.<\/p>\n<p>[<a href=\"http:\/\/533800.swh.strato-hosting.eu\/Infos\/Karten\/osm_routable_mapsource.exe\">Mapsource Installer f\u00fcr Windows<\/a>]<br \/>\n[<a href=\"http:\/\/533800.swh.strato-hosting.eu\/Infos\/Karten\/osm_routable_roadtrip.zip\">Roadtrip Karten f\u00fcr Mac<\/a>]<br \/>\n[<a href=\"http:\/\/533800.swh.strato-hosting.eu\/Infos\/Karten\/osm_routable_gmapsupp.zip\">img-Dateien direkt f\u00fcr die Speicherkarte<\/a>]<\/p>\n<p>Basis f\u00fcr diese Karten ist <a href=\"http:\/\/www.openstreetmap.de\">Openstreetmap<\/a>. Die Aufbereitung wurde \u00fcber <a href=\"http:\/\/www.openstreetmap.nl\">www.openstreetmap.nl<\/a> gemacht. Die Karten unterliegen der <a href=\"http:\/\/www.openstreetmap.de\/faq.html#lizenz\">Creative Commons Lizenz<\/a>.<\/p>\n<p><strong>Karten in der Ebene in Italien<\/strong><\/p>\n<p>S\u00fcdlich des Nevegal gibt es keine guten Karten mehr. Als Ersatz haben wir f\u00fcr diese Touren auf der Basis von Openstreetmap freie Karten erstellt, die ihr hier Downloaden k\u00f6nnt. Die Files wurden als pdf in der Gr\u00f6\u00dfe A3 erstellt, k\u00f6nnen aber auch auf A4 ausgedruckt werden.<\/p>\n<p>Etappe 25: [<a href=\"http:\/\/533800.swh.strato-hosting.eu\/Infos\/Karten\/Etappe25-1.pdf\">Blatt 1<\/a>] [<a href=\"http:\/\/533800.swh.strato-hosting.eu\/Infos\/Karten\/Etappe25-2.pdf\">Blatt 2<\/a>] [<a href=\"http:\/\/533800.swh.strato-hosting.eu\/Infos\/Karten\/Etappe25-3.pdf\">Blatt 3<\/a>]<br \/>\nEtappe 26: [<a href=\"http:\/\/533800.swh.strato-hosting.eu\/Infos\/Karten\/Etappe26-1.pdf\">Blatt 1<\/a>] [<a href=\"http:\/\/533800.swh.strato-hosting.eu\/Infos\/Karten\/Etappe26-2.pdf\">Blatt 2<\/a>] [<a href=\"http:\/\/533800.swh.strato-hosting.eu\/Infos\/Karten\/Etappe26-3.pdf\">Blatt 3<\/a>]<br \/>\nEtappe 27: [<a href=\"http:\/\/533800.swh.strato-hosting.eu\/Infos\/Karten\/Etappe27-1.pdf\">Blatt 1<\/a>] [<a href=\"http:\/\/533800.swh.strato-hosting.eu\/Infos\/Karten\/Etappe27-2.pdf\">Blatt 2<\/a>] [<a href=\"http:\/\/533800.swh.strato-hosting.eu\/Infos\/Karten\/Etappe27-3.pdf\">Blatt 3<\/a>]<br \/>\nEtappe 28: [<a href=\"http:\/\/533800.swh.strato-hosting.eu\/Infos\/Karten\/Etappe28-1.pdf\">Blatt 1]<\/a> [<a href=\"http:\/\/533800.swh.strato-hosting.eu\/Infos\/Karten\/Etappe28-2.pdf\">Blatt 2<\/a>]<\/p>\n<p><strong>Historisches zum Thema Karten<\/strong><\/p>\n<div id=\"attachment_305\" style=\"width: 310px\" class=\"wp-caption alignleft\"><a href=\"http:\/\/new.muenchenvenedig.de\/wp-content\/uploads\/2014\/08\/milit\u00e4rkarte0.jpg\"><img loading=\"lazy\" decoding=\"async\" aria-describedby=\"caption-attachment-305\" class=\"size-medium wp-image-305\" src=\"http:\/\/new.muenchenvenedig.de\/wp-content\/uploads\/2014\/08\/milit\u00e4rkarte0-300x234.jpg\" alt=\"Milit\u00e4rkarte von Ludwig Gra\u00dfler\" width=\"300\" height=\"234\" srcset=\"http:\/\/new.muenchenvenedig.de\/wp-content\/uploads\/2014\/08\/milit\u00e4rkarte0-300x234.jpg 300w, http:\/\/new.muenchenvenedig.de\/wp-content\/uploads\/2014\/08\/milit\u00e4rkarte0-624x487.jpg 624w, http:\/\/new.muenchenvenedig.de\/wp-content\/uploads\/2014\/08\/milit\u00e4rkarte0.jpg 722w\" sizes=\"auto, (max-width: 300px) 100vw, 300px\" \/><\/a><p id=\"caption-attachment-305\" class=\"wp-caption-text\">Milit\u00e4rkarte von Ludwig Gra\u00dfler<\/p><\/div>\n<p>Milit\u00e4rkarten: diese Karten des Istitut Geografico Miliatre aus Florenz sind die einzigen topografisch einigerma\u00dfen genauen Karten in der Ebene. Der Ausschnitte zeigt die Stelle, an der sich viele Venediggeher verlaufen. Die Karte ist das Orignal von Ludwig Gra\u00dflers erster Begehung der Tour. Die roten Wegpunkte zeigen den damaligen Wegverlauf. Achtung: die von Hand eingezeichnete Br\u00fccke existiert nicht mehr. Ludwig hat uns die Karte einmal ausgeliehen und wir haben die beiden Kartenteile eingescannt. F\u00fcr Sammler hier zum Download die beiden Kartenteile (<a href=\"http:\/\/new.muenchenvenedig.de\/wp-content\/uploads\/2014\/08\/milt\u00e4rkarte0.pdf\">Teil 1<\/a>, <a href=\"http:\/\/new.muenchenvenedig.de\/wp-content\/uploads\/2014\/08\/milit\u00e4rkarte1.pdf\">Teil 2<\/a>).<\/p>\n","protected":false},"excerpt":{"rendered":"<p>Warum Karten mitnehmen? Auf unserem Weg haben wir Wanderer gesehen, die ganz ohne Karten losgezogen sind und sich nur auf die Skizzen in einem Wanderf\u00fchrer verlassen haben. Bestenfalls haben sie am Morgen in der H\u00fctte auf eine ausgeh\u00e4ngte Karte geschaut. Wir halten das f\u00fcr riskant. Ein pl\u00f6tzlicher Wetterwechsel kann zu einem Abstieg zwingen. Ein durch [&hellip;]<\/p>\n","protected":false},"author":1,"featured_media":0,"parent":9,"menu_order":2,"comment_status":"open","ping_status":"open","template":"","meta":{"footnotes":""},"class_list":["post-7","page","type-page","status-publish","hentry"],"_links":{"self":[{"href":"http:\/\/new.muenchenvenedig.de\/index.php?rest_route=\/wp\/v2\/pages\/7","targetHints":{"allow":["GET"]}}],"collection":[{"href":"http:\/\/new.muenchenvenedig.de\/index.php?rest_route=\/wp\/v2\/pages"}],"about":[{"href":"http:\/\/new.muenchenvenedig.de\/index.php?rest_route=\/wp\/v2\/types\/page"}],"author":[{"embeddable":true,"href":"http:\/\/new.muenchenvenedig.de\/index.php?rest_route=\/wp\/v2\/users\/1"}],"replies":[{"embeddable":true,"href":"http:\/\/new.muenchenvenedig.de\/index.php?rest_route=%2Fwp%2Fv2%2Fcomments&post=7"}],"version-history":[{"count":9,"href":"http:\/\/new.muenchenvenedig.de\/index.php?rest_route=\/wp\/v2\/pages\/7\/revisions"}],"predecessor-version":[{"id":809,"href":"http:\/\/new.muenchenvenedig.de\/index.php?rest_route=\/wp\/v2\/pages\/7\/revisions\/809"}],"up":[{"embeddable":true,"href":"http:\/\/new.muenchenvenedig.de\/index.php?rest_route=\/wp\/v2\/pages\/9"}],"wp:attachment":[{"href":"http:\/\/new.muenchenvenedig.de\/index.php?rest_route=%2Fwp%2Fv2%2Fmedia&parent=7"}],"curies":[{"name":"wp","href":"https:\/\/api.w.org\/{rel}","templated":true}]}}